e units digit of q?
3
Let x(m) = m**3 + 26*m**2 + 22*m + 8. What is the tens digit of x(-25)?
8
Let p(a) = 11*a**2 - 10*a + 60. What is the hundreds digit of p(8)?
6
Let o = -279 - -101. Let f = -88 - o. What is the tens digit of f?
9
Let a(g) be the second derivative of -g**4/12 - 4*g**3/3 + 3*g**2 - 7*g. Let c be a(-8). Suppose -s + c*s - 35 = 0. What is the units digit of s?
7
Let x = 17 + -19. Let j(b) = 1 - 4*b + 1 - 2 + b**2 - 5. What is the units digit of j(x)?
7
Let y(g) = g**2 + 12*g - 1. Let o be y(-11). What is the tens digit of ((-164)/8)/(3/o)?
8
Let k be (168/(-16))/((-2)/4). Let f = k - 10. Let u = 16 + f. What is the units digit of u?
7
Let i(b) = 4*b**3 - b**3 + 0 + 2 + 13*b**2 - 4*b**3. Let o be i(13). Suppose -o*h - 2 = -70. What is the units digit of h?
4
Let s be (-28)/(-7) + 2*-10. Let f(t) = -t**3 - 14*t**2 + 22*t + 8. What is the units digit of f(s)?
8
Suppose -3*b + 16300 = 4*w, -5*w - 542*b + 537*b = -20380. What is the hundreds digit of w?
0
Let o(n) = 997*n**2 - 12*n - 29. What is the thousands digit of o(-2)?
3
Let v(p) = p**3 + 4*p**2 + 3*p + 4. Let a be v(-3). Suppose 86 = 2*o - a*h, 4*o - 3*h = 2*o + 91. What is the tens digit of o?
5
Suppose r - 29 = 2. Let n = -15 + r. Suppose f = -3*f + n. What is the units digit of f?
4
Suppose 0 = -2*k - 4*c, -k + 3*c + 0*c = 15. What is the hundreds digit of (-1641)/k - 3 - (-11)/22?
2
Let o(y) = y**2 + y - 3. Let n be o(3). Let q be (40/2 - 4) + 0. Suppose n = z - q. What is the units digit of z?
5
Let h(q) = -10*q - 3. Let b be h(-1). Let n be 0*(3 - b/2). What is the units digit of (n - -18)/(-1 - -3)?
9
Let w(s) = -s**2 + 591 - 221 + s - 303 + 0*s**2. Let p = 3 - 3. What is the tens digit of w(p)?
6
Suppose -4*c + 16 = -m, -c + 5*c + 4*m = 16. Suppose -148 = c*i - 6*i. What is the tens digit of i?
7
Suppose -2*h + 3*r = r - 4, 2*r = 4*h - 12. Suppose h*u - 16 = 0, -2*m = -u + 11 - 97. What is the units digit of (6/9)/(2/m)?
5
Suppose -4*t + 3516 = 2*s + 1330, 5*t = 2*s - 2204. What is the thousands digit of s?
1
Let o = -1422 - -2021. Suppose b = -4*k + o, -2*b + 39 = k - 102. Suppose -4*d - 2*q + 101 = 3*q, k = 5*d - 2*q. What is the units digit of d?
9
Let n(v) = v**2 + 4*v + 15. Let w be n(-7). Suppose 0 = 5*r - 4 - w. What is the units digit of r?
8
Let z = -92 - -94. What is the hundreds digit of -6*(-620)/18 + z/(-3)?
2
Let r = 570 - 55. What is the tens digit of r?
1
Suppose -3*t + 6 = 17*a - 13*a, 4*t + 8 = 0. What is the units digit of a?
3
Suppose -4*k - y = -597 - 697, -4*k = 5*y - 1302. What is the hundreds digit of k?
3
Let r(i) = 16*i - 6. Let f = -48 + 53. What is the tens digit of r(f)?
7
Suppose 3*f + 6*u = 4*u + 364, 4*f - 485 = -3*u. Suppose 2*w - f = -v, -5*w + 371 = -v + 4*v. What is the units digit of v?
2
Let v = -3309 - -4721. What is the units digit of v?
2
Let h = 30 - 28. Suppose -h*x = -2*f - 16, f + 28 = 5*x - 0*f. What is the tens digit of 1*20*x/2?
5
Suppose 0 = 3*z - 5*f - 488, 4*z + 2*f - 148 = 3*z. Suppose 2*w + w + z = 0. What is the units digit of (10/20)/((-2)/w)?
3
Let y be (-34)/((-1 - 0)*2). Let l(n) be the third derivative of n**6/120 - 17*n**5/60 + 2*n**3/3 + 72*n**2. What is the units digit of l(y)?
4
Let m be 2 + (-2 - 6/(-3)). Let w(b) = -4 - 7 + 4 + m*b. What is the units digit of w(5)?
3
Let o(p) = 34*p + 4. What is the units digit of o(1)?
8
Let h = 2923 + -1743. What is the units digit of h?
0
Let j = 48 - 37. Suppose -j*v - 220 = -15*v. What is the tens digit of v?
5
Suppose 14*m = -5*m + 35169. What is the hundreds digit of m?
8
Suppose 10*k = 5*k + i + 28, -6 = 2*i. Suppose 3*c - 11 = -p + 3, k*c = -4*p + 28. Suppose -s + 85 = c*s. What is the tens digit of s?
1
Let l = 4071 - -1305. What is the units digit of l?
6
Let f(q) = q**2 + q - 12. Let x be f(0). Let l be (-10)/(-3) + 4/x. Suppose -l*m = -4*m + 4*b + 34, 0 = 3*m + 5*b - 17. What is the units digit of m?
4
Let n be 0 + 1 - 3 - -8. Let v be (28/n)/(2/3). Suppose p - v = -4. What is the units digit of p?
3
Let u(i) = 2*i**2 + 4*i + 4. Let y = -15 + 13. Let v be u(y). Suppose 0*l + 292 = v*l. What is the tens digit of l?
7
Suppose -5 = c + 6*s - s, -5*c - 3 = 3*s. Suppose c*t + 25 = 5*t, 5*q - t = 45. Suppose -118 = -3*h - q. What is the tens digit of h?
3
Let h(v) = -v**3 - 7*v**2 + v + 9. Let z be h(-7). Suppose -2*m - 2*j - z = 0, -4*m + 0*m + j + 21 = 0. What is the units digit of m?
4
Let u(q) = -71*q - 41. What is the tens digit of u(-7)?
5
Let x = -679 - -1062. What is the units digit of x?
3
Suppose 5*l + 33 = -137. Let h = l - -140. What is the hundreds digit of h?
1
What is the hundreds digit of (-1374)/(-4)*76/57 - 4?
4
Let w be 44/(-33)*(-501)/2. Suppose 4*q - 98 = -2*o + o, 3*o = -4*q + w. Suppose 3*f = 3*k + o - 13, 0 = -2*k + 8. What is the tens digit of f?
3
Suppose -7*j = 18*j - 11100. What is the units digit of j?
4
Let z = -195 + 237. What is the units digit of z?
2
Let k(l) = -6 + 2 + 4 + 9*l + 5. What is the units digit of k(2)?
3
Suppose 0 = -5*n + v + 7580, 5*n - 3*v - 1002 - 6578 = 0. What is the hundreds digit of n?
5
Suppose 11*d = 2323 + 801. What is the tens digit of d?
8
Let n = 141 + -137. What is the units digit of ((-4)/(n/(-2)))/(5/440)?
6
What is the units digit of 8/((-16)/(-3))*414?
1
Let q(c) = 452*c**2 - 441*c**2 + 0 - 8 - c**3 + 29*c. What is the units digit of q(13)?
1
Let z = 81 - 78. Suppose -3*q + 12*s = 7*s - 475, q - z*s = 161. What is the units digit of q?
5
Suppose 0 = -2*g - 4*v + 126, 5*g - 155 = -3*v + 139. What is the tens digit of (-1014)/(-36) + 3 + g/(-18)?
2
Suppose -10 - 10 = -5*j. Suppose a + a = -4*x - 2, -j*a - 11 = x. What is the units digit of (-117)/6*4/a?
6
Suppose -34*p - 24 = -40*p. Suppose 155 = p*x - 149. What is the tens digit of x?
7
Let q be 0 + (1 - 9/(-1)). Suppose 86 = -q*d + 12*d. What is the tens digit of d?
4
What is the hundreds digit of 23*2*304/19?
7
Let k(b) = -2*b**3 + 23*b**2 - 42*b + 19. What is the hundreds digit of k(8)?
1
Suppose 3*v - 110 = 55. Suppose 0 = -v*w + 51*w + 732. What is the units digit of w?
3
Let c be ((-4)/1)/(-7 + 6). Let z = 18 + -13. Suppose n + 8 - 24 = c*t, -z*n + 34 = 3*t. What is the units digit of n?
8
What is the tens digit of 3/((-3)/(-3209)) - (-11 - -10)?
1
Let f(t) = -62*t - 79. What is the units digit of f(-4)?
9
Suppose -9*c + 4*c = -890. Suppose -5*v - 2*f = -298, 2*v - c = -v - 2*f. What is the tens digit of v?
6
Let s be 2 + -2 - (-5)/((-5)/(-2)). Suppose 0 = -s*l + h + 156, -6*l = -l - 2*h - 390. What is the units digit of l?
8
Let u = -35 + 39. Suppose -t = 4*x + t - 226, 5*t + 205 = u*x. What is the units digit of x?
5
Let k be (9/3*-1)/(-1). Suppose 4*o + k = 6*o + w, 5*o - 25 = w. Suppose 0 = 4*u - 0*x - 5*x - 111, -o*x = -20. What is the units digit of u?
4
Suppose -36 + 12 = -4*s. Suppose -3*w + s + 13 = p, -2*w + 3*p - 2 = 0. Let c(i) = 4*i - 5. What is the units digit of c(w)?
5
Suppose -4*q - 2*t + 67 + 113 = 0, -4*q = -5*t - 208. Let c = q + -6. What is the units digit of c?
1
Suppose 6 = 3*c + 3*a, a + 4*a + 2 = -2*c. Suppose -q = j - 113, -c*q + 35 - 133 = -j. What is the hundreds digit of j?
1
Suppose 5*o + 5*n + 478 = 6*o, o - 485 = -2*n. What is the tens digit of o?
8
Suppose -3*u - 1 = o, 3*u = 2*u - 1. Suppose 0*y = o*y. Suppose 25 = k - y*k. What is the units digit of k?
5
Suppose -a + 2*x + 5 = 0, -2 - 13 = -3*a + 4*x. Let c be (18/a)/((-6)/20). Let y = -7 - c. What is the units digit of y?
5
Suppose -5*d = s - 2414, -20*d + 23*d - 9639 = -4*s. What is the hundreds digit of s?
4
Let f = -2 - -122. Suppose 0 = 31*q - 28*q - f. What is the tens digit of q?
4
Let j(w) = 17*w - 4. Let d be (-1 - -77)/4 + 1. Suppose d = 4*i + 8. What is the tens digit of j(i)?
4
Let t(i) = -i**3 + 33*i**2 - 28*i - 54. What is the units digit of t(32)?
4
Let c(i) = 4*i. Let f be c(-5). Let w be 12/18 + f/(-6). Suppose 0 = -4*q + w*z + 36, 4*q + 11 - 45 = 3*z. What is the units digit of q?
7
Suppose 14*f - 11*f - 195 = 0. Suppose 0 = 4*b + 5*k - 248, 0 = -b - 2*k + f. Let l = b - 11. What is the units digit of l?
6
Let w be 3*(-2 + 3) - 9. Let s be (-8)/w - 8/(-12). Suppose s*h + 2*h = 52. What is the units digit of h?
3
Let c(u) = 2*u**3 - 17*u**2 + 9*u + 38. What is the tens digit of c(11)?
4
What is the tens digit of 1*((-3346)/(-4) - 51/34)